emainder when 1541 is divided by 221?
215
Calculate the remainder when 128123 is divided by 3370.
63
Calculate the remainder when 2654 is divided by 444.
434
What is the remainder when 726948 is divided by 89?
85
What is the remainder when 4298 is divided by 357?
14
What is the remainder when 10665 is divided by 780?
525
Calculate the remainder when 2064617 is divided by 46.
45
Calculate the remainder when 37922 is divided by 129.
125
What is the remainder when 514691 is divided by 64332?
35
Calculate the remainder when 25777 is divided by 15.
7
Calculate the remainder when 14604 is divided by 471.
3
What is the remainder when 2231637 is divided by 247?
239
Calculate the remainder when 1353 is divided by 9.
3
What is the remainder when 8030 is divided by 91?
22
What is the remainder when 108021 is divided by 10?
1
Calculate the remainder when 838948 is divided by 25.
23
Calculate the remainder when 13166 is divided by 549.
539
What is the remainder when 15830 is divided by 337?
328
Calculate the remainder when 4738 is divided by 525.
13
Calculate the remainder when 561575 is divided by 166.
163
Calculate the remainder when 5929 is divided by 58.
13
Calculate the remainder when 12365691 is divided by 198.
195
What is the remainder when 3609 is divided by 1760?
89
What is the remainder when 3277 is divided by 122?
105
What is the remainder when 542 is divided by 32?
30
What is the remainder when 10200 is divided by 81?
75
Calculate the remainder when 422938 is divided by 21.
19
What is the remainder when 2277988 is divided by 1062?
1060
Calculate the remainder when 6421 is divided by 153.
148
What is the remainder when 4327 is divided by 2156?
15
What is the remainder when 42516 is divided by 2500?
16
Calculate the remainder when 35461 is divided by 1107.
37
Calculate the remainder when 57362 is divided by 77.
74
What is the remainder when 9288 is divided by 4164?
960
Calculate the remainder when 571639 is divided by 711.
706
Calculate the remainder when 112933 is divided by 76.
73
What is the remainder when 27315 is divided by 9067?
114
Calculate the remainder when 401 is divided by 130.
11
Calculate the remainder when 412345 is divided by 291.
289
What is the remainder when 30602 is divided by 243?
227
Calculate the remainder when 46044 is divided by 21.
12
Calculate the remainder when 10444 is divided by 648.
76
Calculate the remainder when 33322 is divided by 379.
349
What is the remainder when 4782 is divided by 339?
36
Calculate the remainder when 110979 is divided by 716.
715
What is the remainder when 1636 is divided by 6?
4
Calculate the remainder when 214129 is divided by 64.
49
Calculate the remainder when 435405 is divided by 58.
57
What is the remainder when 79622 is divided by 79615?
7
What is the remainder when 2526 is divided by 415?
36
Calculate the remainder when 2073 is divided by 11.
5
Calculate the remainder when 32626 is divided by 2173.
31
Calculate the remainder when 1499 is divided by 747.
5
Calculate the remainder when 216973 is divided by 1315.
1313
What is the remainder when 1007 is divided by 653?
354
What is the remainder when 2066 is divided by 559?
389
What is the remainder when 84955 is divided by 268?
267
Calculate the remainder when 82194 is divided by 38.
0
Calculate the remainder when 3312 is divided by 27.
18
Calculate the remainder when 8211 is divided by 1026.
3
Calculate the remainder when 36411 is divided by 3637.
41
What is the remainder when 3496 is divided by 577?
34
What is the remainder when 6394 is divided by 127?
44
Calculate the remainder when 1729293 is divided by 73.
69
Calculate the remainder when 198471 is divided by 28353.
0
Calculate the remainder when 39593 is divided by 19788.
17
Calculate the remainder when 4522 is divided by 441.
112
What is the remainder when 2988 is divided by 1481?
26
What is the remainder when 40384 is divided by 275?
234
Calculate the remainder when 6999 is divided by 701.
690
Calculate the remainder when 1792 is divided by 227.
203
What is the remainder when 1496 is divided by 247?
14
What is the remainder when 381230 is divided by 13?
5
What is the remainder when 58638 is divided by 11726?
8
What is the remainder when 42139 is divided by 43?
42
What is the remainder when 38913 is divided by 278?
271
What is the remainder when 14450 is divided by 7197?
56
What is the remainder when 164683 is divided by 134?
131
What is the remainder when 89342 is divided by 6381?
8
What is the remainder when 248 is divided by 23?
18
Calculate the remainder when 21956 is divided by 61.
57
What is the remainder when 48489 is divided by 1940?
1929
Calculate the remainder when 2402 is divided by 816.
770
Calculate the remainder when 9076 is divided by 807.
199
Calculate the remainder when 287917 is divided by 16.
13
What is the remainder when 428963 is divided by 338?
41
What is the remainder when 17749 is divided by 30?
19
Calculate the remainder when 141872 is divided by 131.
130
Calculate the remainder when 459721 is divided by 4.
1
What is the remainder when 8959 is divided by 187?
170
What is the remainder when 13564 is divided by 140?
124
What is the remainder when 36092 is divided by 12024?
20
Calculate the remainder when 124161 is divided by 693.
114
Calculate the remainder when 2299 is divided by 596.
511
Calculate the remainder when 8247 is divided by 2058.
15
Calculate the remainder when 305288 is divided by 13.
9
Calculate the remainder when 8131 is divided by 291.
274
Calculate the remainder when 987 is divided by 241.
23
Calculate the remainder when 3471 is divided by 20.
11
Calculate the remainder when 491789 is divided by 16.
13
What is the remainder when 35068 is divided by 141?
100
What is the remainder when 1937876 is divided by 84?
80
Calculate the remainder when 125905 is divided by 31.
14
What is the remainder when 57951 is divided by 315?
306
What is the remainder when 696677 is divided by 141?
137
What is the remainder when 1686 is divided by 600?
486
Calculate the remainder when 928 is divided by 295.
43
Calculate the remainder when 30970 is divided by 24.
10
What is the remainder when 14284 is divided by 38?
34
What is the remainder when 20007 is divided by 253?
20
Calculate the remainder when 284499 is divided by 11.
6
What is the remainder when 3834 is divided by 70?
54
Calculate the remainder when 19969 is divided by 180.
169
Calculate the remainder when 57989 is divided by 513.
20
Calculate the remainder when 9126 is divided by 326.
324
Calculate the remainder when 41413 is divided by 221.
86
Calculate the remainder when 310727 is divided by 126.
11
Calculate the remainder when 15540 is divided by 24.
12
What is the remainder when 403758 is divided by 35?
33
What is the remainder when 1239 is divided by 559?
121
Calculate the remainder when 69097 is divided by 623.
567
What is the remainder when 8348 is divided by 116?
112
What is the remainder when 559663 is divided by 526?
525
Calculate the remainder when 17379 is divided by 410.
159
Calculate the remainder when 146551 is divided by 53.
6
What is the remainder when 137644 is divided by 912?
844
Calculate the remainder when 18160 is divided by 1210.
10
What is the remainder when 101849 is divided by 25?
24
Calculate the remainder when 206769 is divided by 145.
144
Calculate the remainder when 709 is divided by 447.
262
Calculate the remainder when 226225 is divided by 2285.
10
Calculate the remainder when 27283 is divided by 546.
529
What is the remainder when 477 is divided by 156?
9
Calculate the remainder when 23050 is divided by 1529.
115
What is the remainder when 2281 is divided by 386?
351
Calculate the remainder when 3884 is divided by 644.
20
Calculate the remainder when 69488 is divided by 22870.
878
What is the remainder when 84702 is divided by 16?
14
What is the remainder when 962033 is divided by 320662?
47
Calculate the remainder when 94311 is divided by 250.
61
What is the remainder when 10439 is divided by 44?
11
Calculate the remainder when 113372 is divided by 26.
12
What is the remainder when 129389 is divided by 190?
189
Calculate the remainder when 19316 is divided by 488.
284
Calculate the remainder when 763 is divided by 184.
27
What is the remainder when 16624 is divided by 